are the prime factors of 30328658?
2, 317, 47837
What are the prime factors of 842491973?
197, 677, 6317
List the prime factors of 2923849458.
2, 3, 1097, 148073
List the prime factors of 2205133909.
11, 59, 101, 33641
List the prime factors of 491963379.
3, 67, 2447579
What are the prime factors of 2115840628?
2, 11, 43, 1118309
What are the prime factors of 896370692?
2, 7, 113, 283303
List the prime factors of 325579401.
3, 7, 41, 126047
What are the prime factors of 60401702?
2, 31, 601, 1621
What are the prime factors of 2186117691?
3, 449, 1622953
What are the prime factors of 8475682?
2, 4237841
List the prime factors of 298299403.
181, 1648063
What are the prime factors of 359081516?
2, 4049, 22171
What are the prime factors of 200470454?
2, 100235227
What are the prime factors of 562288688?
2, 13, 207947
List the prime factors of 62950185.
3, 5, 67, 20879
List the prime factors of 31128601.
7, 71, 62633
What are the prime factors of 16521278?
2, 41, 113, 1783
What are the prime factors of 43129498?
2, 97, 222317
List the prime factors of 247272521.
83, 139, 21433
List the prime factors of 343386537.
3, 13, 127, 5333
List the prime factors of 395179322.
2, 197589661
What are the prime factors of 20647446?
2, 3, 3441241
What are the prime factors of 29411350?
2, 5, 41, 14347
List the prime factors of 2535529506.
2, 3, 422588251
List the prime factors of 72441799.
43, 1684693
What are the prime factors of 185409721?
7, 373, 71011
List the prime factors of 370045484.
2, 92511371
What are the prime factors of 20155181?
19, 967, 1097
What are the prime factors of 14314337?
14314337
What are the prime factors of 656229851?
9887, 66373
List the prime factors of 127512114.
2, 3, 31, 43, 107, 149
What are the prime factors of 913396717?
97, 9416461
List the prime factors of 44020815.
3, 5, 19, 154459
List the prime factors of 626525072.
2, 17, 953, 2417
What are the prime factors of 264554493?
3, 7, 17, 47, 15767
List the prime factors of 20161132.
2, 1373, 3671
List the prime factors of 987898550.
2, 5, 19757971
What are the prime factors of 3166856802?
2, 3, 175936489
What are the prime factors of 282816534?
2, 3, 7, 11, 13, 31
What are the prime factors of 2057397720?
2, 3, 5, 7, 241, 10163
List the prime factors of 23689247.
101, 234547
List the prime factors of 907540622.
2, 103, 1013, 4349
List the prime factors of 40216301.
29, 293, 4733
List the prime factors of 80298837.
3, 17, 174943
What are the prime factors of 54860159?
37, 1482707
List the prime factors of 38300775.
3, 5, 510677
List the prime factors of 37717236.
2, 3, 1047701
List the prime factors of 4428767947.
37, 119696431
What are the prime factors of 174479995?
5, 34895999
List the prime factors of 1842581481.
3, 13, 101, 35983
What are the prime factors of 28186232?
2, 3523279
List the prime factors of 924663557.
19, 48666503
What are the prime factors of 35254398?
2, 3, 191, 30763
List the prime factors of 65208326.
2, 487, 66949
What are the prime factors of 1477360350?
2, 3, 5, 17, 64373
What are the prime factors of 191035426?
2, 17, 53, 106013
List the prime factors of 88324832.
2, 2760151
What are the prime factors of 5902696183?
569, 809, 12823
List the prime factors of 11695218.
2, 3, 17, 114659
List the prime factors of 190949133.
3, 63649711
List the prime factors of 3228692753.
11, 13, 163, 138517
What are the prime factors of 3327861?
3, 1109287
List the prime factors of 1918112036.
2, 8117, 59077
What are the prime factors of 3777162383?
3777162383
List the prime factors of 1145657092.
2, 2081, 137633
List the prime factors of 1141536412.
2, 79, 3612457
What are the prime factors of 425159857?
71, 5988167
List the prime factors of 8063907566.
2, 11, 13, 61, 462221
What are the prime factors of 429667854?
2, 3, 7, 11, 59, 1433
List the prime factors of 120179988.
2, 3, 103, 32411
What are the prime factors of 42882913?
337, 127249
What are the prime factors of 278800713?
3, 449, 68993
List the prime factors of 539758077.
3, 179919359
List the prime factors of 1140782418.
2, 3, 71, 709, 1259
What are the prime factors of 58426116?
2, 3, 7, 137, 5077
What are the prime factors of 55402262?
2, 23, 1204397
List the prime factors of 5675355624.
2, 3, 236473151
List the prime factors of 712422057.
3, 103, 137, 16829
What are the prime factors of 186376104?
2, 3, 37, 43, 1627
List the prime factors of 43060601.
47, 916183
What are the prime factors of 3237752061?
3, 119916743
What are the prime factors of 4781118986?
2, 7, 341508499
List the prime factors of 110312796.
2, 3, 11, 17, 41, 109
List the prime factors of 791967.
3, 11, 103, 233
What are the prime factors of 20238600?
2, 3, 5, 89, 379
What are the prime factors of 85963369?
85963369
What are the prime factors of 1139061547?
13, 87620119
What are the prime factors of 94984447?
293, 324179
What are the prime factors of 550584045?
3, 5, 11, 1112291
List the prime factors of 20684455.
5, 11, 376081
List the prime factors of 72889822.
2, 167, 218233
List the prime factors of 83000924.
2, 311, 66721
List the prime factors of 44285131.
11, 4025921
What are the prime factors of 162294170?
2, 5, 89, 182353
What are the prime factors of 83632119?
3, 43, 15077
What are the prime factors of 88988498?
2, 103, 431983
List the prime factors of 2209535705.
5, 13, 33992857
List the prime factors of 221574650.
2, 5, 11, 402863
List the prime factors of 51399705.
3, 5, 7, 31, 15791
List the prime factors of 729098928.
2, 3, 1687729
List the prime factors of 139000956.
2, 3, 131, 88423
What are the prime factors of 2763307908?
2, 3, 17, 4515209
List the prime factors of 555902056.
2, 69487757
List the prime factors of 120589613.
3491, 34543
List the prime factors of 61534288.
2, 17, 29, 269
List the prime factors of 31096979.
271, 114749
List the prime factors of 61750211.
61750211
What are the prime factors of 1042055765?
5, 43, 4846771
List the prime factors of 2340324665.
5, 7, 43, 1555033
What are the prime factors of 30030769?
241, 353
What are the prime factors of 72396519?
3, 13, 571, 3251
What are the prime factors of 4955456319?
3, 11, 83, 1809221
List the prime factors of 139225489.
13, 463, 23131
What are the prime factors of 584464392?
2, 3, 8117561
What are the prime factors of 215847367?
9043, 23869
What are the prime factors of 5055216?
2, 3, 19, 23, 241
What are the prime factors of 56181932?
2, 29, 484327
What are the prime factors of 2549540105?
5, 7, 41, 1776683
List the prime factors of 34978096.
2, 73, 29947
What are the prime factors of 155506954?
2, 77753477
What are the prime factors of 4779612?
2, 3, 103, 1289
List the prime factors of 24204186.
2, 3, 41, 32797
List the prime factors of 261091179.
3, 19, 233, 6553
List the prime factors of 86847317.
2389, 36353
List the prime factors of 1161225778.
2, 580612889
What are the prime factors of 167964873?
3, 55988291
What are the prime factors of 220928631?
3, 7, 11, 956401
List the prime factors of 8050768.
2, 11, 149, 307
What are the prime factors of 687253127?
11, 3691, 16927
List the prime factors of 6766559845.
5, 41, 59, 559451
What are the prime factors of 2462949272?
2, 7, 47, 935771
What are the prime factors of 2431357053?
3, 73, 11102087
What are the prime factors of 1516608466?
2, 37, 401, 51109
What are the prime factors of 71877526?
2, 7, 5134109
List the prime factors of 16845872.
2, 383, 2749
What are the prime factors of 612739523?
11, 1601, 3163
What are the prime factors of 979618?
2, 131, 3739
List the prime factors of 169942226.
2, 84971113
List the prime factors of 53383510.
2, 5, 5338351
List the prime factors of 797862266.
2, 398931133
List the prime factors of 494296426.
2, 13, 31, 499, 1229
What are the prime factors of 123409455?
3, 5, 13, 79, 8011
List the prime factors of 1763203079.
11, 3169, 50581
List the prime factors of 59967902.
2, 433, 69247
List the prime factors of 1268838661.
1268838661
What are the prime factors of 30646884?
2, 3, 2553907
List the prime factors of 6809507.
6809507
List the prime factors of 42075716.
2, 47, 79, 2833
List the prime factors of 2775579928.
2, 11, 881, 35801
What are the prime factors of 166070208?
2, 3, 37, 97, 241
List the prime factors of 52211674.
2, 1471, 17747
List the prime 